hat is the remainder when 63 is divided by 21?
0
What is the remainder when 1099 is divided by 319?
142
What is the remainder when 15429 is divided by 5142?
3
Calculate the remainder when 50 is divided by 22.
6
Calculate the remainder when 1645 is divided by 77.
28
Calculate the remainder when 596 is divided by 120.
116
What is the remainder when 668 is divided by 24?
20
Calculate the remainder when 32 is divided by 15.
2
Calculate the remainder when 1576 is divided by 521.
13
Calculate the remainder when 2812 is divided by 97.
96
What is the remainder when 188 is divided by 69?
50
What is the remainder when 495 is divided by 31?
30
Calculate the remainder when 1398 is divided by 466.
0
What is the remainder when 300 is divided by 97?
9
Calculate the remainder when 342 is divided by 158.
26
What is the remainder when 861 is divided by 24?
21
What is the remainder when 1436 is divided by 24?
20
What is the remainder when 216 is divided by 7?
6
What is the remainder when 81 is divided by 29?
23
Calculate the remainder when 264 is divided by 64.
8
What is the remainder when 77 is divided by 39?
38
What is the remainder when 375 is divided by 14?
11
What is the remainder when 90 is divided by 33?
24
Calculate the remainder when 11 is divided by 6.
5
What is the remainder when 4250 is divided by 29?
16
What is the remainder when 754 is divided by 161?
110
Calculate the remainder when 514 is divided by 6.
4
What is the remainder when 11457 is divided by 382?
379
Calculate the remainder when 696 is divided by 18.
12
What is the remainder when 736 is divided by 37?
33
What is the remainder when 2651 is divided by 70?
61
What is the remainder when 727 is divided by 61?
56
Calculate the remainder when 961 is divided by 46.
41
What is the remainder when 698 is divided by 13?
9
What is the remainder when 107 is divided by 54?
53
Calculate the remainder when 141 is divided by 12.
9
What is the remainder when 115 is divided by 18?
7
What is the remainder when 216 is divided by 69?
9
Calculate the remainder when 414 is divided by 57.
15
What is the remainder when 83 is divided by 12?
11
Calculate the remainder when 390 is divided by 56.
54
Calculate the remainder when 183 is divided by 72.
39
What is the remainder when 186 is divided by 21?
18
What is the remainder when 250 is divided by 243?
7
Calculate the remainder when 331 is divided by 72.
43
What is the remainder when 125 is divided by 42?
41
What is the remainder when 1155 is divided by 45?
30
Calculate the remainder when 589 is divided by 113.
24
What is the remainder when 1563 is divided by 68?
67
Calculate the remainder when 338 is divided by 43.
37
What is the remainder when 2512 is divided by 17?
13
What is the remainder when 6392 is divided by 23?
21
What is the remainder when 183 is divided by 16?
7
What is the remainder when 96 is divided by 9?
6
Calculate the remainder when 465 is divided by 32.
17
What is the remainder when 85 is divided by 30?
25
Calculate the remainder when 2976 is divided by 166.
154
Calculate the remainder when 719 is divided by 45.
44
Calculate the remainder when 34972 is divided by 174.
172
What is the remainder when 17 is divided by 3?
2
What is the remainder when 328 is divided by 55?
53
What is the remainder when 45 is divided by 6?
3
What is the remainder when 117 is divided by 32?
21
What is the remainder when 20 is divided by 7?
6
Calculate the remainder when 391 is divided by 192.
7
What is the remainder when 190 is divided by 64?
62
What is the remainder when 777 is divided by 15?
12
Calculate the remainder when 32 is divided by 18.
14
What is the remainder when 362 is divided by 216?
146
What is the remainder when 44 is divided by 42?
2
Calculate the remainder when 187 is divided by 47.
46
What is the remainder when 58 is divided by 22?
14
Calculate the remainder when 122 is divided by 9.
5
What is the remainder when 1283 is divided by 12?
11
What is the remainder when 3075 is divided by 17?
15
What is the remainder when 455 is divided by 48?
23
What is the remainder when 69 is divided by 14?
13
Calculate the remainder when 243 is divided by 113.
17
What is the remainder when 140 is divided by 39?
23
What is the remainder when 208 is divided by 20?
8
What is the remainder when 1165 is divided by 18?
13
What is the remainder when 8628 is divided by 411?
408
What is the remainder when 993 is divided by 123?
9
Calculate the remainder when 81 is divided by 30.
21
What is the remainder when 220 is divided by 25?
20
What is the remainder when 254 is divided by 47?
19
What is the remainder when 586 is divided by 140?
26
Calculate the remainder when 5659 is divided by 111.
109
Calculate the remainder when 11437 is divided by 3809.
10
Calculate the remainder when 66 is divided by 65.
1
Calculate the remainder when 849 is divided by 23.
21
Calculate the remainder when 257 is divided by 20.
17
Calculate the remainder when 3 is divided by 3.
0
What is the remainder when 1280 is divided by 183?
182
Calculate the remainder when 51 is divided by 36.
15
What is the remainder when 2815 is divided by 468?
7
Calculate the remainder when 243 is divided by 25.
18
Calculate the remainder when 797 is divided by 21.
20
What is the remainder when 733 is divided by 720?
13
Calculate the remainder when 174 is divided by 22.
20
Calculate the remainder when 453 is divided by 24.
21
Calculate the remainder when 807 is divided by 63.
51
What is the remainder when 121 is divided by 25?
21
What is the remainder when 1663 is divided by 119?
116
What is the remainder when 116 is divided by 57?
2
What is the remainder when 1702 is divided by 170?
2
What is the remainder when 2056 is divided by 200?
56
Calculate the remainder when 5763 is divided by 482.
461
What is the remainder when 47 is divided by 21?
5
Calculate the remainder when 11577 is divided by 23.
8
Calculate the remainder when 559 is divided by 80.
79
What is the remainder when 184 is divided by 109?
75
Calculate the remainder when 298 is divided by 30.
28
Calculate the remainder when 1335 is divided by 445.
0
Calculate the remainder when 276 is divided by 96.
84
What is the remainder when 237 is divided by 20?
17
Calculate the remainder when 78 is divided by 16.
14
Calculate the remainder when 488 is divided by 85.
63
What is the remainder when 9853 is divided by 56?
53
Calculate the remainder when 577 is divided by 97.
92
What is the remainder when 693 is divided by 58?
55
What is the remainder when 82 is divided by 45?
37
What is the remainder when 555 is divided by 31?
28
What is the remainder when 1286 is divided by 33?
32
Calculate the remainder when 165 is divided by 41.
1
Calculate the remainder when 301 is divided by 18.
13
What is the remainder when 259 is divided by 38?
31
What is the remainder when 1699 is divided by 231?
82
What is the remainder when 448 is divided by 75?
73
Calculate the remainder when 442 is divided by 137.
31
Calculate the remainder when 616 is divided by 2.
0
What is the remainder when 2437 is divided by 33?
28
What is the remainder when 129 is divided by 47?
35
Calculate the remainder when 32262 is divided by 27.
24
What is the remainder when 274 is divided by 34?
2
Calculate the remainder when 140 is divided by 24.
20
Calculate the remainder when 504 is divided by 39.
36
Calculate the remainder when 324 is divided by 25.
24
Calculate the remainder when 3238 is divided by 162.
160
Calculate the remainder when 86 is divided by 29.
28
What is the remainder when 4673 is divided by 28?
25
Calculate the remainder when 245 is divided by 113.
19
What is the remainder when 78 is divided by 33?
12
What is the remainder when 381 is divided by 21?
3
What is the remainder when 55 is divided by 31?
24
Calculate the remainder when 410 is divided by 376.
34
Calculate the remainder when 1345 is divided by 105.
85
What is the remainder when 728 is divided by 358?
12
What is the remainder when 312 is divided by 163?
149
What is the remainder when 9244 is divided by 46?
44
What is the remainder when 138 is divided by 14?
12
What is the remainder when 466 is divided by 276?
190
What is the remainder when 949 is divided by 193?
177
Calculate the remainder when 131 is divided by 14.
5
What is the remainder when 349 